{"id":9,"date":"2018-09-10T12:32:27","date_gmt":"2018-09-10T10:32:27","guid":{"rendered":"http:\/\/centreallergologieprovence.fr\/?page_id=9"},"modified":"2024-06-04T20:14:18","modified_gmt":"2024-06-04T18:14:18","slug":"contact","status":"publish","type":"page","link":"https:\/\/centreallergologieprovence.fr\/?page_id=9","title":{"rendered":"Contact"},"content":{"rendered":"<p>\u00a0 \u00a0 \u00a0 \u00a0Besoin d&rsquo;une consultation d&rsquo;allergologie ?<\/p>\n<p style=\"padding-left: 30px;\">Prenez <strong>RDV \u00a0en ligne<\/strong> sur <strong>Doctolib :<\/strong><\/p>\n<p>\u00a0 \u00a0 \u00a0 \u00a0 <strong><em>Le Dr Julie Mulliez-Petitpas consulte les lundi, mardi, mercredi,<\/em><\/strong><\/p>\n<p><strong><em>\u00a0 \u00a0 \u00a0 \u00a0et\u00a0 vendredi\u00a0 pour les enfants de 0 \u00e0 18 ans.<\/em><\/strong><\/p>\n<p>\u00a0 \u00a0 \u00a0<em><strong>Les consultations d&rsquo;ophtalmologie avec notre orthoptiste sont les\u00a0 \u00a0 \u00a0 \u00a0 \u00a0 lundi, mardi, mercredi, jeudi et vendredi, pour les personnes de 6 \u00e0 50 ans.<\/strong><\/em><\/p>\n<p><em><strong>\u00a0 \u00a0 Les Dr Djamel Hazbri et \u00a0J\u00e9r\u00f4me Delattre ( ORL) ont leurs plannings respectifs de consultation sur Doctolib avec leurs secr\u00e9tariats t\u00e9l\u00e9phoniques.<\/strong><\/em><\/p>\n<p><em><strong>Le Dr Lecerf a son planning accessible en ligne sur Doctolib, et si besoin vous y trouverez le num\u00e9ro de son secr\u00e9tariat t\u00e9l\u00e9phonique. <\/strong><\/em><em><strong>Consultations tous les jours sauf le mercredi.<\/strong><\/em><\/p>\n<p>\u00a0 \u00a0 \u00a0 \u00a0 Besoin de voir votre m\u00e9decin rapidement,<\/p>\n<p>\u00a0 \u00a0 \u00a0 \u00a0 d&rsquo;avoir son avis, une ordonnance ?<\/p>\n<p style=\"text-align: left;\">\u00a0 \u00a0 \u00a0 \u00a0 La <strong>t\u00e9l\u00e9consultation<\/strong> est parfois plus facile,<\/p>\n<p style=\"text-align: left;\">\u00a0 \u00a0 \u00a0 \u00a0 prenez RDV en ligne sur <strong>Doctolib afin d&rsquo;avoir une r\u00e9ponse rapide <\/strong><\/p>\n<p style=\"text-align: left;\"><strong>\u00a0 \u00a0 \u00a0 \u00a0 et adapt\u00e9e,\u00a0<\/strong>en parlant et en voyant directement votre m\u00e9decin,<\/p>\n<p style=\"text-align: left;\">\u00a0 \u00a0 \u00a0 \u00a0 sans m\u00eame\u00a0vous d\u00e9placer !<\/p>\n<p style=\"padding-left: 30px;\">Localisation: \u00a0P\u00f4le Sant\u00e9 d&rsquo;Aix la Duranne, 35 rue de la d\u00e9esse Hestia,<\/p>\n<p style=\"padding-left: 30px;\">13100 Aix en Provence<\/p>\n\n\n<figure class=\"wp-block-image\"><img loading=\"lazy\" decoding=\"async\" width=\"768\" height=\"1024\" src=\"http:\/\/centreallergologieprovence.fr\/wp-content\/uploads\/2019\/06\/IMG_4650-e1560891059687-768x1024.jpg\" alt=\"p\u00f4le sant\u00e9\" class=\"wp-image-304\" srcset=\"https:\/\/centreallergologieprovence.fr\/wp-content\/uploads\/2019\/06\/IMG_4650-e1560891059687-768x1024.jpg 768w, https:\/\/centreallergologieprovence.fr\/wp-content\/uploads\/2019\/06\/IMG_4650-e1560891059687-225x300.jpg 225w\" sizes=\"(max-width: 767px) 89vw, (max-width: 1000px) 54vw, (max-width: 1071px) 543px, 580px\" \/><\/figure>\n","protected":false},"excerpt":{"rendered":"<p>\u00a0 \u00a0 \u00a0 \u00a0Besoin d&rsquo;une consultation d&rsquo;allergologie ? Prenez RDV \u00a0en ligne sur Doctolib : \u00a0 \u00a0 \u00a0 \u00a0 Le Dr Julie Mulliez-Petitpas consulte les lundi, mardi, mercredi, \u00a0 \u00a0 \u00a0 \u00a0et\u00a0 vendredi\u00a0 pour les enfants de 0 \u00e0 18 ans. \u00a0 \u00a0 \u00a0Les consultations d&rsquo;ophtalmologie avec notre orthoptiste sont les\u00a0 \u00a0 \u00a0 \u00a0 \u00a0 &hellip; <\/p>\n<p class=\"link-more\"><a href=\"https:\/\/centreallergologieprovence.fr\/?page_id=9\" class=\"more-link\">Continuer la lecture<span class=\"screen-reader-text\"> de &laquo;&nbsp;Contact&nbsp;&raquo;<\/span><\/a><\/p>\n","protected":false},"author":1,"featured_media":371,"parent":0,"menu_order":0,"comment_status":"closed","ping_status":"closed","template":"","meta":{"footnotes":""},"_links":{"self":[{"href":"https:\/\/centreallergologieprovence.fr\/index.php?rest_route=\/wp\/v2\/pages\/9"}],"collection":[{"href":"https:\/\/centreallergologieprovence.fr\/index.php?rest_route=\/wp\/v2\/pages"}],"about":[{"href":"https:\/\/centreallergologieprovence.fr\/index.php?rest_route=\/wp\/v2\/types\/page"}],"author":[{"embeddable":true,"href":"https:\/\/centreallergologieprovence.fr\/index.php?rest_route=\/wp\/v2\/users\/1"}],"replies":[{"embeddable":true,"href":"https:\/\/centreallergologieprovence.fr\/index.php?rest_route=%2Fwp%2Fv2%2Fcomments&post=9"}],"version-history":[{"count":21,"href":"https:\/\/centreallergologieprovence.fr\/index.php?rest_route=\/wp\/v2\/pages\/9\/revisions"}],"predecessor-version":[{"id":460,"href":"https:\/\/centreallergologieprovence.fr\/index.php?rest_route=\/wp\/v2\/pages\/9\/revisions\/460"}],"wp:featuredmedia":[{"embeddable":true,"href":"https:\/\/centreallergologieprovence.fr\/index.php?rest_route=\/wp\/v2\/media\/371"}],"wp:attachment":[{"href":"https:\/\/centreallergologieprovence.fr\/index.php?rest_route=%2Fwp%2Fv2%2Fmedia&parent=9"}],"curies":[{"name":"wp","href":"https:\/\/api.w.org\/{rel}","templated":true}]}}

<p>       Besoin d&rsquo;une consultation d&rsquo;allergologie ?</p>
<p style="padding-left: 30px;">Prenez <strong>RDV  en ligne</strong> sur <strong>Doctolib :</strong></p>
<p>        <strong><em>Le Dr Julie Mulliez-Petitpas consulte les lundi, mardi, mercredi,</em></strong></p>
<p><strong><em>       et  vendredi  pour les enfants de 0 à 18 ans.</em></strong></p>
<p>     <em><strong>Les consultations d&rsquo;ophtalmologie avec notre orthoptiste sont les          lundi, mardi, mercredi, jeudi et vendredi, pour les personnes de 6 à 50 ans.</strong></em></p>
<p><em><strong>    Les Dr Djamel Hazbri et  Jérôme Delattre ( ORL) ont leurs plannings respectifs de consultation sur Doctolib avec leurs secrétariats téléphoniques.</strong></em></p>
<p><em><strong>Le Dr Lecerf a son planning accessible en ligne sur Doctolib, et si besoin vous y trouverez le numéro de son secrétariat téléphonique. </strong></em><em><strong>Consultations tous les jours sauf le mercredi.</strong></em></p>
<p>        Besoin de voir votre médecin rapidement,</p>
<p>        d&rsquo;avoir son avis, une ordonnance ?</p>
<p style="text-align: left;">        La <strong>téléconsultation</strong> est parfois plus facile,</p>
<p style="text-align: left;">        prenez RDV en ligne sur <strong>Doctolib afin d&rsquo;avoir une réponse rapide </strong></p>
<p style="text-align: left;"><strong>        et adaptée, </strong>en parlant et en voyant directement votre médecin,</p>
<p style="text-align: left;">        sans même vous déplacer !</p>
<p style="padding-left: 30px;">Localisation:  Pôle Santé d&rsquo;Aix la Duranne, 35 rue de la déesse Hestia,</p>
<p style="padding-left: 30px;">13100 Aix en Provence</p>


<figure class="wp-block-image"><img loading="lazy" decoding="async" width="768" height="1024" src="http://centreallergologieprovence.fr/wp-content/uploads/2019/06/IMG_4650-e1560891059687-768x1024.jpg" alt="pôle santé" class="wp-image-304" srcset="https://centreallergologieprovence.fr/wp-content/uploads/2019/06/IMG_4650-e1560891059687-768x1024.jpg 768w, https://centreallergologieprovence.fr/wp-content/uploads/2019/06/IMG_4650-e1560891059687-225x300.jpg 225w" sizes="(max-width: 767px) 89vw, (max-width: 1000px) 54vw, (max-width: 1071px) 543px, 580px" /></figure>

<p>       Besoin d&rsquo;une consultation d&rsquo;allergologie ? Prenez RDV  en ligne sur Doctolib :         Le Dr Julie Mulliez-Petitpas consulte les lundi, mardi, mercredi,        et  vendredi  pour les enfants de 0 à 18 ans.      Les consultations d&rsquo;ophtalmologie avec notre orthoptiste sont les          &hellip; </p>
<p class="link-more"><a href="https://centreallergologieprovence.fr/?page_id=9" class="more-link">Continuer la lecture<span class="screen-reader-text"> de &laquo;&nbsp;Contact&nbsp;&raquo;</span></a></p>
